ulate the remainder when 35333850 is divided by 3533385.
0
Calculate the remainder when 24444671 is divided by 17.
14
Calculate the remainder when 763125 is divided by 18.
15
Calculate the remainder when 39822 is divided by 128.
14
What is the remainder when 120749 is divided by 120701?
48
Calculate the remainder when 1532228 is divided by 10567.
13
Calculate the remainder when 27952 is divided by 6230.
3032
Calculate the remainder when 99748 is divided by 2599.
986
Calculate the remainder when 1024727 is divided by 178.
159
What is the remainder when 2659 is divided by 1776?
883
What is the remainder when 980699 is divided by 980630?
69
Calculate the remainder when 3933604 is divided by 266.
262
Calculate the remainder when 1128898 is divided by 161253.
127
Calculate the remainder when 3766140 is divided by 646.
606
What is the remainder when 14085090 is divided by 1379?
1363
What is the remainder when 359833 is divided by 13827?
331
Calculate the remainder when 53019 is divided by 8602.
1407
What is the remainder when 7040408 is divided by 37?
11
What is the remainder when 354134 is divided by 117933?
335
What is the remainder when 57611264 is divided by 7?
4
What is the remainder when 3767759 is divided by 4004?
3999
Calculate the remainder when 7440765 is divided by 814.
805
What is the remainder when 3578089 is divided by 363?
361
What is the remainder when 497920114 is divided by 8263?
8260
Calculate the remainder when 99264 is divided by 2481.
24
Calculate the remainder when 9675559 is divided by 30.
19
Calculate the remainder when 5703520 is divided by 134.
78
Calculate the remainder when 2229552 is divided by 57168.
0
What is the remainder when 44981 is divided by 65?
1
Calculate the remainder when 244528 is divided by 110.
108
What is the remainder when 887076 is divided by 13?
8
What is the remainder when 16633068 is divided by 655?
653
What is the remainder when 11981679 is divided by 379?
352
What is the remainder when 27330 is divided by 975?
30
What is the remainder when 32330 is divided by 351?
38
What is the remainder when 2280133 is divided by 199?
190
What is the remainder when 336082 is divided by 84003?
70
What is the remainder when 42096 is divided by 253?
98
What is the remainder when 36053 is divided by 643?
45
Calculate the remainder when 89865570 is divided by 1728184.
2
What is the remainder when 2889687 is divided by 435?
417
Calculate the remainder when 99879275 is divided by 1596.
1595
Calculate the remainder when 66025 is divided by 1539.
1387
Calculate the remainder when 56374759 is divided by 18791580.
19
Calculate the remainder when 101084 is divided by 779.
593
What is the remainder when 13343761 is divided by 1?
0
Calculate the remainder when 97452 is divided by 793.
706
What is the remainder when 272023 is divided by 2746?
169
Calculate the remainder when 104729 is divided by 25713.
1877
What is the remainder when 176734894 is divided by 428?
426
What is the remainder when 455360 is divided by 3014?
246
Calculate the remainder when 40855292 is divided by 10213799.
96
What is the remainder when 5949585 is divided by 13?
5
What is the remainder when 7647 is divided by 6716?
931
What is the remainder when 512338 is divided by 3078?
1390
What is the remainder when 3969573 is divided by 4962?
4935
What is the remainder when 114102027 is divided by 3?
0
What is the remainder when 2499493 is divided by 624856?
69
Calculate the remainder when 1136245 is divided by 5540.
545
Calculate the remainder when 55938034 is divided by 1076.
22
Calculate the remainder when 75916305 is divided by 28.
17
What is the remainder when 91801 is divided by 2464?
633
Calculate the remainder when 10946361 is divided by 2097.
21
Calculate the remainder when 2179918 is divided by 53.
28
What is the remainder when 615036 is divided by 7069?
33
What is the remainder when 797919 is divided by 1198?
51
What is the remainder when 26795350 is divided by 1379?
1
What is the remainder when 12369236 is divided by 28?
12
What is the remainder when 37987951 is divided by 2703?
2692
What is the remainder when 62345166 is divided by 937?
934
Calculate the remainder when 621598 is divided by 310763.
72
What is the remainder when 37335273 is divided by 297?
294
Calculate the remainder when 449372 is divided by 63.
56
What is the remainder when 5200043 is divided by 585?
563
Calculate the remainder when 1045102 is divided by 262.
246
What is the remainder when 390806 is divided by 977?
6
What is the remainder when 5492368 is divided by 147?
7
Calculate the remainder when 935459 is divided by 358.
5
Calculate the remainder when 974615 is divided by 243269.
1539
What is the remainder when 17897489 is divided by 585?
584
Calculate the remainder when 11441419 is divided by 425.
419
Calculate the remainder when 21170472 is divided by 555.
552
Calculate the remainder when 181054219 is divided by 67482.
13
Calculate the remainder when 31542587 is divided by 7885646.
3
What is the remainder when 4298559 is divided by 54412?
11
Calculate the remainder when 1284338 is divided by 3081.
2642
Calculate the remainder when 46380 is divided by 21721.
2938
What is the remainder when 403387 is divided by 2101?
2096
What is the remainder when 4389585 is divided by 4145?
30
Calculate the remainder when 648152 is divided by 652.
64
What is the remainder when 22468 is divided by 1121?
48
Calculate the remainder when 13877 is divided by 13869.
8
Calculate the remainder when 272231 is divided by 945.
71
What is the remainder when 470563 is divided by 2189?
2117
Calculate the remainder when 2407981 is divided by 802657.
10
Calculate the remainder when 8717802 is divided by 1743527.
167
What is the remainder when 349126 is divided by 32?
6
Calculate the remainder when 191697 is divided by 61820.
6237
Calculate the remainder when 26835119 is divided by 5367021.
14
What is the remainder when 7912088 is divided by 1671?
1574
Calculate the remainder when 15186559 is divided by 1048.
1039
Calculate the remainder when 48547 is divided by 14114.
6205
Calculate the remainder when 59056 is divided by 13348.
5664
Calculate the remainder when 21539 is divided by 270.
209
What is the remainder when 14567422 is divided by 1953?
1948
What is the remainder when 18622328 is divided by 78?
62
Calculate the remainder when 2739283 is divided by 77.
8
Calculate the remainder when 5627654 is divided by 1622.
936
Calculate the remainder when 8769212 is divided by 192.
188
Calculate the remainder when 9067 is divided by 333.
76
What is the remainder when 45630413 is divided by 51?
50
What is the remainder when 124390816 is divided by 59?
54
What is the remainder when 5375 is divided by 2257?
861
Calculate the remainder when 1738163 is divided by 399.
119
What is the remainder when 169878 is divided by 48?
6
Calculate the remainder when 70933003 is divided by 599.
22
Calculate the remainder when 9767522 is divided by 23.
20
What is the remainder when 15442217 is divided by 28918?
5
What is the remainder when 6118371 is divided by 128?
99
Calculate the remainder when 1349044 is divided by 26.
8
Calculate the remainder when 185089 is divided by 4113.
4
What is the remainder when 8010991 is divided by 616229?
14
What is the remainder when 398564 is divided by 398476?
88
Calculate the remainder when 276869 is divided by 10636.
333
Calculate the remainder when 179190605 is divided by 67.
43
What is the remainder when 795397 is divided by 397697?
3
What is the remainder when 496506 is divided by 16016?
10
Calculate the remainder when 20497159 is divided by 891180.
19
Calculate the remainder when 13679298 is divided by 1052240.
178
What is the remainder when 2588900 is divided by 738?
734
What is the remainder when 1745992 is divided by 255?
7
What is the remainder when 11403923 is divided by 2106?
2039
What is the remainder when 79746627 is divided by 13?
12
Calculate the remainder when 111747 is divided by 8573.
298
What is the remainder when 4273575 is divided by 6?
3
Calculate the remainder when 759036 is divided by 1399.
778
What is the remainder when 880408 is divided by 146315?
2518
Calculate the remainder when 498034 is divided by 229.
188
What is the remainder when 856937 is divided by 189?
11
C